 7876 and 102384062.
3938
Calculate the highest common divisor of 44738946 and 56.
14
Calculate the highest common divisor of 2324 and 4415932.
332
What is the highest common divisor of 62525 and 1925?
25
Calculate the greatest common divisor of 3531 and 26299209.
321
What is the greatest common divisor of 1976 and 152399?
247
What is the highest common divisor of 5832 and 117072?
216
Calculate the greatest common divisor of 20570 and 47330.
10
What is the greatest common divisor of 15108226 and 197246?
1022
Calculate the highest common divisor of 1254999 and 314394.
2577
Calculate the greatest common divisor of 6182330 and 3906.
434
What is the greatest common factor of 1308 and 15957164?
436
What is the highest common divisor of 188 and 14154473?
47
Calculate the highest common divisor of 589 and 808393.
19
Calculate the greatest common divisor of 234053446 and 1089.
121
Calculate the greatest common divisor of 576 and 109489176.
72
Calculate the greatest common divisor of 13865 and 1433995.
295
Calculate the highest common factor of 307128775 and 75.
25
What is the highest common factor of 146414591 and 1972?
493
What is the highest common divisor of 3644267 and 18073?
341
Calculate the highest common factor of 32315387 and 26.
13
What is the highest common factor of 4345 and 2630045?
55
What is the greatest common divisor of 72 and 350572632?
24
What is the highest common divisor of 1818184 and 2958?
986
What is the highest common factor of 23247906 and 3?
3
Calculate the highest common factor of 843 and 431385.
3
What is the highest common factor of 12159 and 33995682?
63
Calculate the greatest common divisor of 9040 and 1096552.
904
What is the greatest common factor of 54369651 and 56532?
14133
What is the highest common divisor of 407 and 1075558?
11
What is the highest common divisor of 18759 and 73260?
111
Calculate the highest common divisor of 281000 and 9000.
1000
Calculate the greatest common factor of 3245619 and 8853.
39
What is the greatest common divisor of 15 and 91269335?
5
What is the greatest common factor of 15864 and 39356601?
1983
What is the highest common factor of 6026 and 146786?
46
What is the highest common factor of 102307 and 54967?
263
Calculate the greatest common divisor of 39176668 and 824.
412
What is the greatest common divisor of 141 and 4161239?
47
Calculate the greatest common factor of 8 and 7992842.
2
Calculate the highest common factor of 17 and 454087.
17
What is the highest common factor of 6278254 and 302938?
1814
Calculate the greatest common divisor of 5110750 and 1375.
125
What is the greatest common factor of 1940 and 12906820?
1940
Calculate the highest common factor of 268 and 645883886.
134
What is the highest common divisor of 15401738 and 22?
22
Calculate the greatest common divisor of 6640 and 5141520.
80
What is the greatest common divisor of 2250 and 4751510?
10
Calculate the highest common factor of 1677160 and 10120.
920
Calculate the greatest common divisor of 428098 and 464.
58
Calculate the highest common factor of 363169106 and 394.
394
What is the highest common factor of 2767 and 14147671?
2767
Calculate the highest common divisor of 21965000 and 20.
20
What is the highest common divisor of 759772 and 59774?
494
What is the highest common factor of 93412775 and 575?
575
Calculate the greatest common factor of 67050 and 282600.
450
Calculate the greatest common factor of 1323773 and 3366.
187
Calculate the highest common factor of 107853317 and 9581.
9581
Calculate the greatest common factor of 1529588 and 6096.
508
Calculate the highest common divisor of 2164499 and 38.
19
Calculate the highest common factor of 43497 and 9288.
27
What is the greatest common divisor of 2740 and 102640?
20
Calculate the highest common divisor of 118227583 and 250666.
9641
Calculate the highest common factor of 110743 and 28261.
59
Calculate the highest common factor of 220979 and 2574.
11
What is the highest common divisor of 791 and 20117051?
113
Calculate the highest common factor of 975347307 and 1683.
1683
What is the greatest common divisor of 353145 and 47021?
13
What is the greatest common factor of 6944 and 286496?
224
What is the greatest common factor of 4010271 and 485?
97
Calculate the greatest common divisor of 1134 and 7432398.
162
What is the greatest common divisor of 1139 and 158442?
1
What is the greatest common divisor of 120 and 20147265?
15
Calculate the greatest common factor of 225551 and 17263.
283
Calculate the greatest common divisor of 88125 and 960.
15
Calculate the greatest common divisor of 276924 and 137616.
564
What is the highest common divisor of 76 and 1947752?
4
Calculate the greatest common factor of 4158975 and 24375.
75
What is the greatest common divisor of 131439328 and 112?
16
Calculate the highest common factor of 995598 and 3296.
206
What is the greatest common factor of 393146 and 65?
13
What is the highest common factor of 935393997 and 114?
57
Calculate the greatest common factor of 2231572 and 728.
28
Calculate the highest common factor of 11009 and 2688418.
101
What is the greatest common divisor of 350 and 362900350?
50
Calculate the greatest common factor of 10098 and 422270310.
1122
What is the greatest common factor of 22869700 and 200?
100
What is the greatest common factor of 814939424 and 40430?
8086
Calculate the greatest common factor of 544789 and 3490.
349
Calculate the highest common factor of 18079 and 5453593.
179
Calculate the greatest common divisor of 330913505 and 65.
65
Calculate the highest common factor of 50094 and 307098.
2178
What is the greatest common factor of 12755 and 9915?
5
What is the greatest common divisor of 104591633 and 85?
17
What is the greatest common factor of 1706 and 169387034?
1706
Calculate the greatest common factor of 175 and 2894460.
5
What is the greatest common divisor of 324 and 218093796?
324
Calculate the highest common divisor of 2571114 and 7378.
238
What is the greatest common divisor of 60984 and 26376?
168
Calculate the highest common divisor of 326 and 60088157.
163
Calculate the greatest common divisor of 5664 and 54641316.
708
Calculate the greatest common divisor of 100240941 and 17448.
2181
Calculate the greatest common divisor of 3509459 and 284.
71
Calculate the highest common divisor of 67500 and 107311500.
13500
Calculate the greatest common factor of 5222 and 120805002.
746
Calculate the highest common factor of 34926 and 308436.
6
Calculate the greatest common divisor of 182726 and 2979906.
866
Calculate the highest common divisor of 56122 and 193799470.
5102
Calculate the greatest common divisor of 202 and 4296188318.
202
What is the highest common divisor of 3418 and 7119694?
3418
Calculate the highest common factor of 869022 and 141702.
1254
Calculate the highest common divisor of 2017610 and 2330160.
1330
What is the greatest common factor of 99313672 and 9036?
1004
What is the greatest common divisor of 5600 and 183694?
14
Calculate the highest common factor of 53342279 and 2039.
2039
What is the highest common factor of 85287584 and 32?
32
Calculate the highest common factor of 80 and 701129270.
10
What is the highest common factor of 13261224 and 4488?
408
What is the highest common factor of 9440 and 767885?
295
What is the highest common factor of 1542493 and 185?
37
What is the highest common divisor of 3425620 and 88?
44
What is the highest common divisor of 114 and 292656?
6
What is the highest common divisor of 697703076 and 756?
252
What is the highest common factor of 2462 and 18335745?
1231
What is the greatest common factor of 25736280 and 270?
30
Calculate the greatest common factor of 1384 and 11752.
8
Calculate the highest common divisor of 41670 and 217395.
45
Calculate the greatest common factor of 7784878 and 168266.
3434
What is the highest common divisor of 116 and 338719246?
58
What is the greatest common divisor of 285915 and 17885?
245
What is the highest common factor of 5830 and 2138510?
110
Calculate the greatest common factor of 66120442 and 10.
2
Calculate the highest common factor of 523 and 420087721.
523
What is the highest common factor of 51462 and 47386019?
953
What is the highest common factor of 39234 and 51651058?
1006
Calculate the 